l**2 + 7*l - 31. Calculate r(-10).
-1
Let s(p) = p**3 + 2*p**2 - p - 28. Calculate s(0).
-28
Let u(j) = -6*j**2 + 8*j + 22. Give u(-2).
-18
Let t(l) = -2*l**2 - l + 6. What is t(-4)?
-22
Let x(j) = j**2 + 15*j + 20. Determine x(-14).
6
Let g(y) = -4*y**2 - 4*y - 3. What is g(-3)?
-27
Let t(u) = -2*u**2 - 7*u - 5. Determine t(-3).
-2
Let z(m) = 3*m**3 + 3*m**2 - 15*m - 24. Give z(-2).
-6
Let v(m) = -m**2 - 7*m - 32. What is v(-6)?
-26
Let a(c) = -5*c - 43. Determine a(-11).
12
Let n(w) = 15*w - 22. Give n(0).
-22
Let b(v) = v - 17. What is b(10)?
-7
Let k(y) = y**3 + 11*y**2 - 99*y + 51. What is k(-17)?
0
Let i(o) = -7*o + 22. Determine i(3).
1
Let o(n) = -19*n + 4. Calculate o(2).
-34
Let d(t) = 4*t**2 - 8*t + 10. Calculate d(4).
42
Let q(d) = d - 6. Calculate q(-8).
-14
Let q(r) = -r**3 - 23*r**2 - 24*r - 32. Give q(-22).
12
Let f(d) = -2*d**2 + 23*d - 16. Give f(11).
-5
Let f(y) = -22*y**2 - 2*y + 1. What is f(1)?
-23
Let x(v) = v**2 + 5*v - 45. What is x(6)?
21
Let o(k) = -2*k - 18. What is o(-13)?
8
Let l(d) = -3*d - 2. Give l(3).
-11
Let j(q) = -6*q + 24. Give j(5).
-6
Let h(k) = 6*k - 23. Give h(5).
7
Let h(o) = 2*o**2 - 2. Give h(2).
6
Let m(k) = 7*k - 6. Determine m(-6).
-48
Let i(a) = -a**2 + 15*a + 423. What is i(-14)?
17
Let h(t) = -t**2 - 7*t - 5. Calculate h(-5).
5
Let j(k) = k**3 + k**2 - 3*k - 3. Determine j(-2).
-1
Let o(d) = d**3 + 8*d**2 + 8*d + 9. Determine o(-7).
2
Let j(w) = -w**2 + 14*w - 18. Determine j(9).
27
Let p(l) = 2*l**2 + 4*l - 5. Give p(-4).
11
Let v(q) = 20*q - 128. Calculate v(6).
-8
Let g(l) = -11*l - 145. Calculate g(-10).
-35
Let m(d) = -2*d**2 + 21*d + 28. What is m(12)?
-8
Let k(r) = -r**2 - 9*r + 6. Calculate k(-8).
14
Let b(y) = -y**3 + 9*y**2 - 21*y + 53. Calculate b(7).
4
Let b(i) = 2*i**2 + 2*i + 13. What is b(-8)?
125
Let w(l) = -19*l - 23. Calculate w(-3).
34
Let n(d) = d**3 - 8*d**2 + d. Determine n(8).
8
Let d(i) = 2*i**2 - 13*i + 19. What is d(7)?
26
Let z(w) = -w**3 - 5*w**2 + 4*w + 12. Determine z(-5).
-8
Let g(m) = 7*m - 16. What is g(3)?
5
Let o(f) = -2*f + 39. Determine o(19).
1
Let h(q) = -13*q**2 - q + 1. Give h(1).
-13
Let q(h) = -h**3 + 6*h**2 - 1. What is q(6)?
-1
Let k(v) = -8*v**2 - 89*v + 8. What is k(-11)?
19
Let h(k) = -2*k**2 + 43*k + 51. Calculate h(22).
29
Let a(c) = -3*c**3 + 2*c**2 + 2*c + 1. What is a(-1)?
4
Let l(c) = c**2 - 14*c + 21. What is l(13)?
8
Let x(l) = l**3 - 6*l**2 - l - 20. Determine x(7).
22
Let n(r) = r**2 - r - 12. What is n(4)?
0
Let p(c) = 9*c + 87. Give p(-9).
6
Let w(y) = 6*y - 29. Calculate w(3).
-11
Let x(b) = -6*b + 16. Calculate x(11).
-50
Let b(a) = -a + 10. What is b(-3)?
13
Let z(p) = -4*p - 6. What is z(-2)?
2
Let c(h) = -h**2 - 12*h - 1. Determine c(-13).
-14
Let r(a) = -7*a - 7. What is r(-9)?
56
Let z(r) = 13*r - 334. Calculate z(25).
-9
Let j(u) = -u + 27. What is j(14)?
13
Let k(p) = -p**3 + 3*p**2 + 4*p - 5. What is k(4)?
-5
Let r(z) = 6*z + 40. What is r(-6)?
4
Let j(t) = 4*t - 68. Determine j(18).
4
Let s(t) = 4*t**2 + 51*t + 35. Calculate s(-12).
-1
Let u(q) = -2*q**3 - 2*q**2 - 4*q - 4. Determine u(-3).
44
Let k(b) = -2*b + 37. Give k(16).
5
Let s(i) = -i**2 + 14*i - 8. Calculate s(13).
5
Let t(z) = -104*z - 718. What is t(-7)?
10
Let p(z) = -81*z**3 - z. Calculate p(-1).
82
Let a(o) = -45*o. Calculate a(-1).
45
Let w(x) = x + 2. What is w(-7)?
-5
Let o(z) = -5*z + 78. Calculate o(10).
28
Let b(r) = 2*r + 2. What is b(-12)?
-22
Let l(u) = 2*u - 25. Determine l(11).
-3
Let s(o) = -12*o - 13. Give s(0).
-13
Let s(h) = h - 49. What is s(41)?
-8
Let b(s) = -s**2 + 36. Determine b(7).
-13
Let x(b) = -b**2 + 8*b + 7. Give x(6).
19
Let d(y) = -y**3 - y**2 + y - 20. What is d(0)?
-20
Let p(n) = -n**3 + 7*n**2 - 6*n + 14. Give p(6).
14
Let d(c) = -c**3 - 16*c**2 - 15*c - 1. What is d(-15)?
-1
Let c(i) = 4*i**2 - 2*i - 21. What is c(5)?
69
Let m(g) = -7*g + 82. Calculate m(11).
5
Let a(c) = 12*c - 3. Give a(1).
9
Let j(d) = d**3 + 2*d**2 - 8*d - 7. Give j(-4).
-7
Let v(h) = -2*h - 14. Give v(-8).
2
Let p(u) = u**3 + 3*u**2 - 10*u - 6. Determine p(-5).
-6
Let s(l) = -l + 3. Give s(3).
0
Let s(c) = -c**3 - 17*c**2 - 16*c + 4. Calculate s(-16).
4
Let b(d) = 2*d - 36. Give b(11).
-14
Let a(n) = -8*n - 69. What is a(-11)?
19
Let s(a) = a**3 - 12*a**2 + a - 15. Give s(12).
-3
Let i(c) = c**2 - 15*c - 53. Calculate i(18).
1
Let x(j) = -j**3 + 7*j**2 + 20*j - 2. Calculate x(9).
16
Let m(p) = p**2 + 3*p. Calculate m(-4).
4
Let q(d) = -7*d + 1. What is q(2)?
-13
Let d(k) = -k**2 - 3*k. Calculate d(-4).
-4
Let g(x) = -3*x + 25. What is g(17)?
-26
Let i(z) = -z**2 - 7*z - 20. Calculate i(-5).
-10
Let d(l) = -8*l + 50. What is d(7)?
-6
Let j(w) = 3*w**2 + 28*w + 20. What is j(-8)?
-12
Let h(c) = -19*c - 27. Determine h(-10).
163
Let h(j) = -j**3 + 6*j**2 + 3*j - 4. Calculate h(5).
36
Let b(a) = -a**2 - 12*a - 3. What is b(-10)?
17
Let u(v) = -v**3 + 5*v**2 - 2*v - 1. Calculate u(5).
-11
Let g(a) = -a - 8. Determine g(-11).
3
Let m(n) = -n**3 - 7*n**2 - 5*n - 5. Calculate m(-6).
-11
Let n(s) = 2*s**2 + 5*s - 4. Calculate n(-4).
8
Let r(q) = 2*q**2 + 24*q - 3. Calculate r(-11).
-25
Let v(m) = -m**2 - 3*m - 28. What is v(0)?
-28
Let m(u) = -u**3 + 7*u**2 + u + 1. Give m(7).
8
Let g(l) = 2*l**2 - 7*l + 1. What is g(3)?
-2
Let h(d) = d**2 - 19*d - 41. Calculate h(21).
1
Let h(f) = -14*f**3 + f**2. Give h(-1).
15
Let w(a) = -10*a**2 + 212*a - 33. Calculate w(21).
9
Let d(h) = h - 4. What is d(-3)?
-7
Let p(o) = -o**3 - 9*o**2 - 9*o - 10. Give p(-8).
-2
Let k(w) = -w**3 + 7*w**2 - 4*w + 13. Calculate k(7).
-15
Let g(s) = -3*s**2 + 29*s - 113. Give g(5).
-43
Let p(c) = -c**2 + 9*c - 6. Determine p(9).
-6
Let s(c) = -c**3 + 6*c**2 + c - 5. Calculate s(5).
25
Let h(j) = j**2 - 16*j + 32. What is h(14)?
4
Let q(u) = -2*u**3 + 4*u**2 + 4*u + 1. Calculate q(-1).
3
Let y(b) = b**3 - 9*b**2 - 5*b + 5. Determine y(0).
5
Let u(w) = -w**3 - 4*w**2 + 3*w + 5. Determine u(-4).
-7
Let k(h) = 2*h. What is k(-8)?
-16
Let s(c) = -3*c + 44. Calculate s(20).
-16
Let k(q) = 19*q + 7. Calculate k(4).
83
Let k(z) = z. Calculate k(0).
0
Let c(z) = -4*z + 10. Give c(14).
-46
Let g(p) = -p**3 - p**2 + 5*p + 3. Give g(-3).
6
Let b(p) = -p**3 + p - 45. Give b(0).
-45
Let m(l) = -2*l**2 - 31*l - 26. Give m(-14).
16
Let u(i) = i**2 + 10*i + 17. Determine u(-4).
-7
Let i(y) = -y**2 - 10*y - 15. Determine i(-12).
-39
Let n(u) = -2*u - 11. Give n(-15).
19
Let q(d) = -3*d + 4. Determine q(0).
4
Let r(p) = p**3 - 2*p**2 - 3*p + 2. Give r(2).
-4
Let f(y) = 2*y - 29. Calculate f(17).
5
Let q(f) = f**2 + 7*f - 25. Determine q(-10).
5
Let l(y) = -y - 6. Give l(13).
-19
Let g(n) = -2*n**2 - 7*n + 1. Determine g(-7).
-48
Let k(z) = z**3 + 8*z**2 + 9*z + 13. Determine k(-7).
-1
Let r(c) = c**3 - 12*c**2 - 24. Give r(12).
-24
Let s(n) = n**3 - 3*n**2 - n - 5. What is s(3)?
-8
Let p(h) = 3*h**2 - 26*h + 32. Give p(8).
16
Let z(q) = -q + 8. Determine z(16).
-8
Let q(s) = 2*s - 10. Calculate q(9).
8
Let b(i) = -3*i + 2. What is b(-1)?
5
Let l(b) = b - 40. Give l(20).
-20
Let x(h) = h**2 + 5*h - 40. Calculate x(-9).
-4
Let t(b) = 6*b + 35. What is t(-5)?
5
Let z(h) = -h**3 - 15*h**2 - 29*h - 17. What is z(-13)?
22
Let j(t) = -12*t**3 + 2*t**2 + 1. Give j(2).
-87
Let l(v) = -v**2 + 14*v - 38. What is l(13)?
-25
Let b(x) = x**2 - 11*x - 87. Give b(16).
-7
Let t(l) = 7*l - 17. What is t(7)?
32
Let g(p) = p**3 - 2*p**2 - p - 1. Give g(0).
-1
Let w(p) = -36*p - 795. Give w(-22).
-3
Let i(v) = 6*v + 43. Calculate i(-4).
19
Let q(b) = b**3 - 29*b - 4. Determine q(-5).
16
Let l(w) = -2*w + 3. What is l(-3)?
9
Let t(y) = y + 4. Determine t(5).
9
Let r(c) = c**2 + 3*c - 38. Give r(5).
2
Let s(o) = -o**3 + o**2 + 5*o - 1. Determine s(4).
-29
Let c(v) = -v**3 + 10*v**2 + 11*v + 12. Determine c(11).
12
Let s(b) = -b**3 + 7*b**2 + 7*b + 13. Give s(8).
5
Let x(z) = -16*z**3 - 3*z - 5. Determine x(-1).
14
Let b(d) = 7*d + 26. Give b(-7).
-23
Let q(w) = -w**3 - 13*w**2 - 25*w - 14. Calculate q(-11).
19
Let q(z) = -z + 42. Calculate q(7).
35
Let c(j) = j**3 - 13*j**2 - j. Determine c(13).
-13
Let q(a) = -2*a**3 - 3*a**2 + 8*a - 3. Give q(2).
-15
Let m(o) = -14*o + 1. Give m(2).
-27
Let x(i) = -17*i**2 + 67*i - 2. Determine x(4).
-6
Let m(p) = -p**3 + 13*p**2 - 30*p - 10. Determine m(10).
-10
Let w(i) = -i**2 - i + 42. Give 